.
-137
What is -225 (base 15) in base 13?
-2b4
-2104 (base 11) to base 15
-c5c
What is 483 (base 11) in base 8?
1077
Convert -13350 (base 6) to base 3.
-2212010
What is 3413 (base 5) in base 2?
111100011
Convert 20333 (base 4) to base 14.
2d1
19318 (base 10) to base 12
b21a
435 (base 8) to base 9
346
What is -6bb8 (base 12) in base 10?
-12092
-4b5 (base 12) to base 10
-713
-112010101 (base 3) to base 7
-42010
Convert -12033 (base 4) to base 12.
-293
Convert 220 (base 14) to base 13.
264
-303300 (base 5) to base 16
-2661
Convert 4b20 (base 13) to base 16.
29b1
What is 122 (base 10) in base 11?
101
Convert -6468 (base 9) to base 10.
-4760
Convert 2668a (base 14) to base 5.
11011334
What is -3110232 (base 4) in base 6?
-143010
-2653 (base 7) to base 16
-3fa
What is 51300 (base 6) in base 12?
3b30
What is 2b2 (base 13) in base 11?
3aa
Convert -15624 (base 7) to base 13.
-2028
Convert 2213 (base 11) to base 16.
b66
Convert 5624 (base 12) to base 15.
2c57
Convert -125055 (base 7) to base 10.
-23364
What is -5123 (base 10) in base 2?
-1010000000011
What is 2024231 (base 5) in base 2?
1000000100101010
Convert 2703 (base 8) to base 9.
2018
Convert -100211022 (base 3) to base 10.
-7163
Convert 122022 (base 3) to base 8.
723
Convert 16608 (base 10) to base 13.
7737
What is 12 (base 15) in base 9?
18
Convert 13110 (base 5) to base 6.
4434
34343 (base 6) to base 5
124022
What is 17e (base 15) in base 12?
248
-101010110000 (base 2) to base 14
-dd6
What is 4404 (base 5) in base 6?
2444
Convert -6317 (base 10) to base 7.
-24263
2645 (base 12) to base 2
1000100010101
-844 (base 11) to base 12
-708
Convert -110012 (base 3) to base 9.
-405
Convert -10d0d (base 14) to base 13.
-15861
3754 (base 9) to base 13
1378
32a65 (base 11) to base 16
bafa
2797 (base 14) to base 12
4069
What is -121002 (base 4) in base 7?
-4446
What is 1100000001000 (base 2) in base 9?
8385
Convert 3209 (base 12) to base 15.
1956
Convert 3011 (base 10) to base 8.
5703
1510 (base 10) to base 15
6aa
20211212 (base 3) to base 13
236c
What is -10 (base 8) in base 9?
-8
13304 (base 5) to base 2
10000110111
3476 (base 9) to base 3
10112120
1f2f (base 16) to base 7
32163
What is -23013 (base 4) in base 14?
-38b
What is -3817 (base 10) in base 4?
-323221
e91 (base 15) to base 10
3286
Convert 1113123 (base 4) to base 14.
2079
a09 (base 13) to base 12
b97
What is 527 (base 10) in base 9?
645
-716 (base 14) to base 15
-62c
Convert 25264 (base 8) to base 13.
4c8c
-3137 (base 13) to base 15
-203b
What is -200242 (base 5) in base 3?
-22200011
Convert -2086 (base 9) to base 2.
-11000000000
Convert -373 (base 9) to base 5.
-2214
-720 (base 10) to base 15
-330
7597 (base 12) to base 10
12931
What is -6781 (base 11) in base 7?
-35004
12467 (base 15) to base 3
2222001221
Convert 5a75 (base 16) to base 14.
8621
Convert -4533 (base 10) to base 14.
-191b
What is 1011110010010111 (base 2) in base 16?
bc97
Convert 1126 (base 10) to base 7.
3166
1021121010 (base 3) to base 13
b631
Convert 7574 (base 8) to base 14.
1632
Convert 961 (base 13) to base 10.
1600
Convert 44244 (base 6) to base 12.
3684
What is 1313021 (base 4) in base 10?
7625
2267 (base 9) to base 3
2022021
Convert -4852 (base 9) to base 6.
-24415
Convert -92b2 (base 12) to base 11.
-11002
99b (base 13) to base 9
2232
What is -13334 (base 7) in base 2?
-111000010010
-1000001000010110 (base 2) to base 10
-33302
What is 466 (base 8) in base 10?
310
Convert -67d (base 14) to base 7.
-3516
1101324 (base 5) to base 14
6ca8
17024 (base 8) to base 16
1e14
-180 (base 14) to base 5
-2213
25c (base 16) to base 6
2444
What is 12304 (base 5) in base 13?
585
389 (base 11) to base 7
1225
Convert 18b (base 14) to base 7.
634
-2134 (base 7) to base 9
-1034
13672 (base 14) to base 3
2102201222
What is -2204 (base 6) in base 10?
-508
-240 (base 8) to base 4
-2200
What is -8b4 (base 12) in base 10?
-1288
What is 1100200 (base 3) in base 4?
33132
Convert 7832 (base 10) to base 11.
5980
What is 11010110 (base 2) in base 11?
185
What is -7610 (base 8) in base 14?
-1640
Convert 10308 (base 10) to base 4.
2201010
Convert 245301 (base 6) to base 11.
15522
What is 100101010 (base 2) in base 13?
19c
What is 30a (base 12) in base 14?
238
What is 7811 (base 10) in base 12?
462b
-2c5b (base 13) to base 3
-22220200
Convert -3105 (base 14) to base 7.
-33405
-2efe (base 16) to base 9
-17446
What is -14144 (base 5) in base 8?
-2226
1410 (base 5) to base 7
446
What is -1873 (base 9) in base 8?
-2643
11111010000010 (base 2) to base 4
3322002
64400 (base 8) to base 15
7e70
Convert 211303 (base 4) to base 8.
4563
862 (base 12) to base 13
734
Convert -4d0b (base 15) to base 11.
-11392
What is 769 (base 13) in base 3?
1202001
Convert -11868 (base 11) to base 3.
-212100011
Convert 462 (base 10) to base 8.
716
What is -7468 (base 15) in base 2?
-110000000101111
-5907 (base 11) to base 13
-36b3
-c4a4 (base 13) to base 15
-80b9
What is 654 (base 11) in base 9?
1062
Convert 38d1 (base 14) to base 2.
10011011111111
Convert 556 (base 11) to base 12.
476
What is -120235 (base 6) in base 15?
-3178
824 (base 10) to base 11
68a
What is -5613 (base 15) in base 11?
-12785
Convert -21120121 (base 3) to base 4.
-1112110
What is -1151 (base 14) in base 11?
-2298
6267 (base 11) to base 10
8301
What is -338e (base 16) in base 5?
-410243
What is -4101 (base 5) in base 15?
-251
-123130 (base 5) to base 15
-1645
Convert -3568 (base 16) to base 7.
-54601
What is -10536 (base 9) in base 12?
-4073
What is -183a6 (base 13) in base 6?
-1000324
23756 (base 9) to base 14
5b39
c (base 16) to base 6
20
Convert -1020100021 (base 3) to base 5.
-1234212
What is 1011022102 (base 3) in base 2?
101100100101010
Convert -a03 (base 14) to base 12.
-1177
What is 85 (base 11) in base 7?
162
What is -1111 (base 5) in base 12?
-110
17050 (base 10) to base 14
62dc
What is -101202201 (base 3) in base 5?
-222344
192 (base 13) to base 12
200
What is 242 (base 8) in base 15?
ac
21345 (base 6) to base 16
b81
Convert -7533 (base 8) to base 14.
-160b
What is 32 (base 7) in base 11?
21
-13103301 (base 4) to base 3
-1112001210
Convert 355 (base 8) to base 11.
1a6
Convert 3670 (base 15) to base 5.
332310
Convert 1012210112 (base 3) to base 4.
11311211
What is 7bb0 (base 12) in base 8?
32764
Convert -7c8b (base 15) to base 12.
-13388
-235 (base 9) to base 7
-365
1310112 (base 4) to base 7
30465
Convert -10010101000 (base 2) to base 13.
-709
What is -2534 (base 7) in base 15?
-43b
-7242 (base 10) to base 7
-30054
Convert 23205 (base 7) to base 2.
1011100101110
What is 86b (base 14) in base 13?
9ac
What is -188 (base 9) in base 2?
-10100001
Convert 11135 (base 6) to base 15.
6eb
What is 73262 (base 8) in base 11?
20914
-3190 (base 15) to base 13
-4a07
-12521 (base 6) to base 2
-11110000001
What is 3131 (base 6) in base 2?
1010111111
-27 (base 16) to base 5
-124
Convert 537 (base 9) to base 2.
110110111
What is -42022 (base 5) in base 15?
-c42
Convert fc11 (base 16) to base 11.
44533
154 (base 9) to base 4
2002
706 (base 8) to base 7
1216
What is 1253 (base 7) in base 8?
737
Convert -100161 (base 7) to base 10.
-16899
1222123 (base 4) to base 16
1a9b
What is 10679 (base 15) in base 6?
1041053
What is -39b (base 12) in base 15?
-26b
4535 (base 7) to base 13
995
Convert -15b98 (base 12) to base 15.
-931b
-123b (base 12) to base 9
-2742
What is 44372 (base 8) in base 16?
48fa
2240 (base 9) to base 11
1276
What is 623 (base 11) in base 14?
3b9
Convert 31858 (base 10) to base 5.
2004413
Convert 42342 (base 9) to base 7.
144404
Convert -562 (base 12) to base 16.
-31a
What is -3038 (base 12) in base 5?
-131403
What is -447 (base 9) in base 12?
-267
233131 (base 7) to base 16
a3bd
What is -3 (base 10) in base 3?
-10
What is 1112 (base 5) in base 11?
133
What is -ca38 (base 15) in base 14?
-11855
1256 (base 8) to base 14
370
What is -1010222 (base 3) in base 6?
-3512
-18e (base 16) to base 15
-1b8
What is -18764 (base 11) in base 7?
-136255
What is 1010101100110010 (base 2) in base 6?
534522
Convert -ab (base 16) to base 6.
-443
Convert 6727 (base 9) to base 6.
34554
What is 119 (base 14) in base 7?
432
What is -1a3 (base 12) in base 10?
-267
-10846 (base 10) to base 3
-112212201
What is -145a4 (base 11) in base 8?
-50314
-120301 (base 5) to base 10
-445